57)/2 composite?
False
Suppose 3*d - 5 = 7. Let a(x) = -12*x - 35. Let v(g) = 13*g + 41. Let z(m) = -4*a(m) - 3*v(m). Is z(d) prime?
True
Suppose -s - 4 = -6. Suppose -4*i = i + 4*a - 9927, -s*a = 2*i - 3970. Is i composite?
False
Suppose -3*a + a + 8 = 0. Suppose a*c - 8 = 12. Suppose 0 = -5*q - d - 3*d + 721, -c*d = 5. Is q a prime number?
False
Let g(r) = -r**2 + 5*r + 1. Let l be g(4). Suppose -7*p + 41 = -3*p - l*u, -2*p - 7 = 3*u. Is (0 + -3 - p)*-11 a prime number?
False
Let d be 1/(-6)*0*1/(-3). Suppose -8*x + 8608 = -4*x + 3*j, d = -x + 5*j + 2175. Is x prime?
False
Suppose s + s - 12 = 4*w, w = 5*s + 15. Let r be (s/8)/(2/320). Let p = r - -149. Is p prime?
False
Let u = -4404 - -6215. Let l = u - 708. Is l composite?
False
Suppose -774 = 4*l - l - 3*s, l = 2*s - 261. Let j = l + 490. Is j composite?
True
Let x(z) = 3*z**2 + 10*z - 1. Suppose -h - 3*r - 9 = -8*r, -5*h - 5*r = 75. Is x(h) composite?
True
Suppose 13402 = 32*l - 97222. Is l a prime number?
True
Let p = -4190 - -6721. Is p prime?
True
Let u(m) = 84*m + 7. Suppose 0 = y + 4*d + 8, 2*y = 3*d - d + 34. Let l be u(y). Is 44/(-33) - l/(-3) a prime number?
True
Let a(c) = -418*c - 8. Let p be a(4). Let x = p + 2983. Is x composite?
False
Suppose 43*f - 49*f + 23442 = 0. Is f composite?
False
Suppose -3654 - 16768 = -2*o. Is o composite?
False
Let d(g) = -2*g**2 - 4*g - 4. Let z be d(-3). Is (5/z)/(5/(-3470)) composite?
False
Let h = 3751 - 158. Is h prime?
True
Suppose 9*g = 4*g + 2*m + 757985, 0 = -g - 3*m + 151580. Is g a prime number?
False
Is 1/(-4) + 19185/20 composite?
True
Suppose 6*u + 0 - 18 = 0. Suppose 215 = 5*a - 5*b, -u*b - 212 + 37 = -4*a. Is a prime?
False
Let y = -15 - -39. Suppose 3*l - 2*b = -y + 465, l + 5*b - 164 = 0. Is l a prime number?
True
Let i(w) = -2*w**3 + 8*w**2 + 2. Let x be i(4). Suppose 4*n = 5*y + n - 4618, 4617 = 5*y - x*n. Is y a composite number?
True
Suppose 0 = -3*r + 7*r - 16. Let s be (r/(-3))/(5/(-1725)). Suppose -66 = -2*i + s. Is i composite?
False
Let v = -17 - -25. Suppose v*c = 9*c. Suppose 5*w + 0*w - 5*j - 555 = 0, 2*w - 5*j - 228 = c. Is w prime?
True
Suppose 3*c = -z + 13, 3*c + 0*c = 3*z - 15. Let i be z + 1 - (2 + -2). Suppose -p - 3*x + i*x = -28, -2*p = -4*x - 50. Is p a composite number?
False
Suppose 7*w = 2*w. Let i = 2 + w. Suppose 459 = l - 2*r, i*l + 4*r = -l + 1417. Is l a composite number?
False
Let a = 12 + -11. Let p(b) = 6*b**3 - b + 2. Is p(a) a prime number?
True
Let o(t) be the third derivative of 5*t**4/6 - t**3/6 + t**2. Let v be 10/375*5 + (-352)/(-60). Is o(v) composite?
True
Let u(h) = -h**2 - 4*h. Let k be u(3). Let p = -317 - -231. Let x = k - p. Is x composite?
True
Let x = 108 - -264. Let u = x + 74. Is u a composite number?
True
Suppose -65332 = -9*x + 24155. Is x prime?
False
Let q = 4 + 0. Suppose -q*a - 473 = -n, -4*n + 165 = -2*a - 1769. Is n composite?
True
Suppose 48 + 0 = -4*c. Let d be (6/1)/(c/(-132)). Suppose -h + d = -149. Is h a prime number?
False
Let q = 47171 - 22894. Is q a composite number?
True
Suppose 0 = 36*s - 35*s - 2. Let k(a) = 489*a + 5. Is k(s) composite?
False
Let a = -84 - -87. Suppose g + 612 = -3*k + 2425, a*k = 5*g - 8993. Is g composite?
False
Let x be (-10 + 4 + 8)/((-2)/(-267)). Suppose 146 = 7*d - x. Is d composite?
False
Is (-1032955)/(-315) - (-2)/(-9) composite?
True
Let d(v) = 8*v**3 - v**2 + 2*v - 2. Let x be d(3). Let i = x - -118. Is i prime?
False
Suppose 5*u - 3*m - 40 = -0*m, -u + 3*m + 20 = 0. Suppose -3491 = -5*t - 2*r, 8*t - 4*t - u*r - 2773 = 0. Is t a prime number?
False
Let p be 1 - 1 - (3 + -29). Let f = p - 13. Suppose 0 = -d + f + 1. Is d a composite number?
True
Suppose -2553 = 3*l + 2*d - 52868, 33554 = 2*l - 4*d. Is l a composite number?
True
Let z = -16 - -31. Suppose -11*o = -8*o - z. Suppose o*n - n = 652. Is n prime?
True
Let o = -15 + 17. Is o*1059/(-15)*-5 composite?
True
Suppose -2*g + 3*b = b, -3*b = 0. Suppose 0 = d - g*d - 22. Suppose d*z - 147 = 19*z. Is z composite?
True
Let s = 11638 + -2261. Is s composite?
False
Let j(s) = 275*s**2 + 13*s + 59. Is j(-8) prime?
False
Suppose -8*o = -3088 - 27304. Is o prime?
False
Let b = -798 - -1505. Is b prime?
False
Let d be (-568)/(-15) + 14/105. Suppose -d*s = -33*s. Suppose t - 2*t + 9 = s. Is t a prime number?
False
Let p(i) be the first derivative of 13*i**4/4 - 4*i**3/3 - i**2 - 2*i + 7. Is p(3) composite?
False
Suppose 6*i + 0*i = 0. Let k = 277 - -31. Suppose -4*u = -i*u - k. Is u a composite number?
True
Let t(w) = -44*w + 8. Let y be t(-2). Let v = 1123 + y. Is v a composite number?
True
Let b = 219 + -127. Let j be b/(-6) - 4/(-12). Let a(g) = 3*g**2 + 14*g + 14. Is a(j) a composite number?
False
Let y = 25 - 20. Let k(b) = 2*b**3 + 5*b**2 + b + 11. Is k(y) prime?
False
Let g be 5 + 2/2 + 203. Let r = 598 - g. Is r a prime number?
True
Let c(t) = t**2 - 3*t. Let b be c(3). Is (5/(-10) - b)*-52 a composite number?
True
Let h be 0 + 3 + -13 + 15. Suppose -4*t - 1635 = -h*v, -3*t - 523 = -2*v + 124. Is v prime?
True
Let h = 26221 - 12851. Suppose 2*x = -8*x + h. Is x composite?
True
Let x(j) = -j**2 - 10*j - 9. Let w be x(-7). Suppose -4*a + w = -0. Suppose 4*g = a*z + 568, -2*g + 0*z + 284 = 2*z. Is g a composite number?
True
Suppose -7*k + k = -12. Suppose k*b + 28 = 6*b. Suppose 3*m - 3*s + 232 = b*m, -2*s = 0. Is m a composite number?
True
Let m = 26222 - 15391. Is m composite?
False
Let x be (-16)/6*(-9)/4. Suppose 0 = -5*o + 12*o - 70. Is 7014/15 - x/o composite?
False
Suppose -48*n - 147405 = -1057437. Is n composite?
False
Let l(v) = v + 10. Let w be l(-11). Let d be (-1)/1 - (-1)/w. Is (-5 - -2) + (d - -102) composite?
False
Let t = 27 + -25. Suppose 2*p = -3*x - p - 6, -p = -t*x + 8. Suppose 0 = -3*b - x - 4, -3*w + 2*b = -538. Is w composite?
True
Suppose -2*h + 3*v + 14212 = -6735, -v - 10476 = -h. Is h composite?
True
Suppose -4*b + 6*y - 4*y - 4 = 0, -2*b = 2*y + 8. Let m be (b + 2)*(4 + -3). Suppose 12*d - 8*d - 76 = m. Is d prime?
True
Suppose -2*t - 18 = 2*s, 2*s + t - 7 = -24. Let v(p) = -p**3 - 9*p**2 - 7*p + 6. Let o be v(s). Is 84 - 3*o/2 a prime number?
False
Suppose -5*c + 404 = k - 339, -157 = -c + 4*k. Is c prime?
True
Is (-1 - -1367) + ((-20)/(-4))/(-1) prime?
True
Let u(n) = -1762*n - 175. Is u(-6) prime?
False
Let f be ((-3)/(-6))/(1/14). Suppose 2*j - 7 = -c + 7*j, 2*c - 3*j - f = 0. Suppose -3*i - 3*y + 163 = -5*y, -4*y = -c*i + 114. Is i prime?
True
Let a = -21 - -21. Suppose 5*v - 825 = -a*v. Suppose -5*g = -2*g - v. Is g composite?
True
Let x(t) = 5*t**2 + 12*t - 9. Is x(-10) composite?
True
Suppose -4*s + 69 + 29 = -2*k, -4*s + 93 = 3*k. Is 210/8 + (12/(-2))/s prime?
False
Suppose -4*n - 2111 = -5*f, -3*n = -3*f + 1770 - 189. Is (13/(-4))/(-5 + (-2619)/n) a composite number?
True
Suppose 0 = -27*y + 4*y + 175283. Is y a prime number?
True
Let b be 18/12 + (-6)/4. Suppose -6 = 2*x - b. Is (14/x)/(2/(-51)) a composite number?
True
Let a(b) be the first derivative of b**4/4 - 16*b**3/3 + 8*b**2 - 12*b + 6. Let r(f) = -f**2 + 12*f - 5. Let s be r(10). Is a(s) a prime number?
True
Suppose 0 = -14*h + 73528 + 45738. Is h a prime number?
False
Suppose -c + 2*x = 2, -3*c - 4*x - 9 = 7. Is (-3)/4*c*821 prime?
False
Let g be 2/(8/36) + 2. Suppose g*v - 683 = 10*v. Is v a prime number?
True
Let n be ((-23)/(-2) + -8)/(2/8). Let s(f) = 4*f**2 - 3*f - 41. Is s(n) a composite number?
False
Suppose -4*s = -9*s - 3465. Let j = s + 1882. Suppose -3*r + 1880 = -2*t + 129, -2*r = 3*t - j. Is r composite?
False
Let p = -33655 + 82268. Is p prime?
False
Suppose -31*m + 4572 = -22*m. Let r(q) = q**3 + 4*q**2 + 2*q - 3. Let t be r(-3). Suppose -2*a - 2*x = -0*a - m, 2*a + 3*x - 505 = t. Is a a composite number?
False
Let d(p) = -p**2 + 23*p - 2. Let n be d(23). Is (-2253)/2*n/3 prime?
True
Let k(a) = -a**2 + 14*a - 23. Let l be k(14). Let f = 31 + l. Let m(z) = 2*z**3 - 5*z**2 + 13*z - 11. Is m(f) composite?
False
Is 975/75 - 101640/(-2) prime?
True
Let w(m) = 8*m**2 + 12*m + 4. Let x be w(-2). Is 2597/4 - 3/x a composite number?
True
Let o be 4/14 + (-3 - 160/(-28)). Is (-2302)/(-2) + o - (-1 + 4) composite?
False
Suppose 2*p - 2*q = -2*p + 2060, 3*q + 2575 = 5*p. Let a = 766 - p. Is a a composite number?
False
Let r be -12 + 8 - 10*-2758. Let i be r/40 - (-2)/(-5). Su